alculate the remainder when 4595864 is divided by 2060.
4
What is the remainder when 2298820 is divided by 5868?
4432
Calculate the remainder when 196035 is divided by 1316.
1267
Calculate the remainder when 25456875 is divided by 410594.
47
Calculate the remainder when 6729265 is divided by 364.
361
Calculate the remainder when 403719 is divided by 156.
147
Calculate the remainder when 5143763 is divided by 1714570.
53
Calculate the remainder when 386583 is divided by 193190.
203
Calculate the remainder when 2514277 is divided by 314283.
13
What is the remainder when 18240 is divided by 3022?
108
Calculate the remainder when 13574278 is divided by 58.
16
Calculate the remainder when 105483596 is divided by 900.
896
What is the remainder when 21074789 is divided by 100?
89
Calculate the remainder when 1754712 is divided by 2122.
1940
What is the remainder when 4460404 is divided by 9?
4
What is the remainder when 297930128 is divided by 6186?
6182
Calculate the remainder when 159352 is divided by 184.
8
What is the remainder when 12413565 is divided by 26986?
5
Calculate the remainder when 3692741 is divided by 69673.
72
What is the remainder when 2143275 is divided by 907?
34
Calculate the remainder when 6781413 is divided by 308243.
67
What is the remainder when 308415 is divided by 12298?
965
Calculate the remainder when 829982 is divided by 7545.
32
Calculate the remainder when 49586 is divided by 9914.
16
What is the remainder when 3387828 is divided by 422?
12
What is the remainder when 50485 is divided by 820?
465
What is the remainder when 3391603 is divided by 635?
68
Calculate the remainder when 1590060 is divided by 867.
849
What is the remainder when 72669 is divided by 2768?
701
Calculate the remainder when 957595 is divided by 2057.
1090
Calculate the remainder when 3680842 is divided by 13.
9
Calculate the remainder when 172260 is divided by 730.
710
Calculate the remainder when 11067919 is divided by 1383489.
7
Calculate the remainder when 2229748 is divided by 1706.
6
What is the remainder when 1082521 is divided by 24?
1
What is the remainder when 1186628 is divided by 1186622?
6
What is the remainder when 1078468 is divided by 20329?
1031
What is the remainder when 1959731 is divided by 76?
71
Calculate the remainder when 36033287 is divided by 1814.
1805
Calculate the remainder when 7510834 is divided by 25.
9
What is the remainder when 17157550 is divided by 833?
249
What is the remainder when 42342298 is divided by 1692?
1690
What is the remainder when 71026222 is divided by 248?
14
What is the remainder when 4173039 is divided by 321003?
0
Calculate the remainder when 502150 is divided by 167231.
457
What is the remainder when 27420 is divided by 616?
316
What is the remainder when 3102102 is divided by 2064?
1974
Calculate the remainder when 9977765 is divided by 92.
89
Calculate the remainder when 7803069 is divided by 559.
547
Calculate the remainder when 8219457 is divided by 495.
477
What is the remainder when 5515 is divided by 1335?
175
Calculate the remainder when 2539141 is divided by 924.
913
Calculate the remainder when 128400 is divided by 6107.
153
Calculate the remainder when 14935827 is divided by 20773.
40
What is the remainder when 1416847 is divided by 472281?
4
Calculate the remainder when 17358475 is divided by 49.
29
Calculate the remainder when 17581 is divided by 8789.
3
Calculate the remainder when 45201706 is divided by 102.
100
What is the remainder when 123665462 is divided by 24733091?
7
Calculate the remainder when 10984037 is divided by 90032.
133
Calculate the remainder when 60051 is divided by 2859.
12
Calculate the remainder when 169206 is divided by 483.
156
Calculate the remainder when 4412231 is divided by 32206.
9
Calculate the remainder when 213362 is divided by 53263.
310
What is the remainder when 50532021 is divided by 1052750?
21
Calculate the remainder when 469573 is divided by 1331.
1061
What is the remainder when 35479 is divided by 5067?
10
What is the remainder when 28362337 is divided by 1245?
1237
What is the remainder when 117496 is divided by 312?
184
Calculate the remainder when 2129344 is divided by 41.
9
Calculate the remainder when 98739 is divided by 1319.
1133
Calculate the remainder when 3026954 is divided by 147.
77
What is the remainder when 17477 is divided by 5386?
1319
Calculate the remainder when 133187 is divided by 40331.
12194
Calculate the remainder when 17980 is divided by 46.
40
Calculate the remainder when 328037 is divided by 1038.
29
What is the remainder when 57487 is divided by 5520?
2287
Calculate the remainder when 229004 is divided by 57233.
72
Calculate the remainder when 69264 is divided by 436.
376
Calculate the remainder when 17358059 is divided by 2.
1
Calculate the remainder when 879456 is divided by 16912.
32
Calculate the remainder when 587871 is divided by 2185.
106
Calculate the remainder when 703352 is divided by 6620.
1632
Calculate the remainder when 2601386 is divided by 173.
158
What is the remainder when 125263 is divided by 24365?
3438
What is the remainder when 18016825 is divided by 6005597?
34
What is the remainder when 3030193 is divided by 1010057?
22
What is the remainder when 8797692 is divided by 2932559?
15
What is the remainder when 2819332 is divided by 7013?
106
Calculate the remainder when 297987 is divided by 673.
521
What is the remainder when 491347 is divided by 15845?
152
What is the remainder when 1801729 is divided by 2029?
2006
Calculate the remainder when 808459 is divided by 7427.
6343
What is the remainder when 2829975 is divided by 1937?
18
Calculate the remainder when 762905 is divided by 254291.
32
Calculate the remainder when 16093931 is divided by 45463.
29
Calculate the remainder when 3506203 is divided by 3506186.
17
What is the remainder when 7488879 is divided by 70?
69
What is the remainder when 51303222 is divided by 12825805?
2
What is the remainder when 5326552 is divided by 2328?
88
Calculate the remainder when 172726949 is divided by 11.
10
Calculate the remainder when 913338 is divided by 1926.
414
Calculate the remainder when 1310443 is divided by 262077.
58
Calculate the remainder when 4366419 is divided by 16.
3
Calculate the remainder when 79013 is divided by 11232.
389
What is the remainder when 2118281530 is divided by 8647?
8646
Calculate the remainder when 1414740 is divided by 134.
102
Calculate the remainder when 1356597 is divided by 678294.
9
What is the remainder when 30911488 is divided by 30911478?
10
Calculate the remainder when 70005 is divided by 631.
595
Calculate the remainder when 1363688 is divided by 1206.
908
Calculate the remainder when 20753429 is divided by 147.
116
Calculate the remainder when 693146 is divided by 138452.
886
Calculate the remainder when 1641133 is divided by 177.
166
Calculate the remainder when 47901 is divided by 15693.
822
What is the remainder when 2133876 is divided by 1066310?
1256
Calculate the remainder when 260500 is divided by 202.
122
What is the remainder when 13062705 is divided by 3219?
3
What is the remainder when 7614914 is divided by 87?
65
Calculate the remainder when 1831786 is divided by 45784.
426
Calculate the remainder when 129721913 is divided by 829.
822
Calculate the remainder when 2767259 is divided by 50.
9
What is the remainder when 1746780 is divided by 21565?
15
What is the remainder when 34813 is divided by 11028?
1729
Calculate the remainder when 377446 is divided by 62892.
94
What is the remainder when 47311582 is divided by 3208?
3206
Calculate the remainder when 1754589 is divided by 294.
291
What is the remainder when 200506 is divided by 13364?
46
Calculate the remainder when 1947827 is divided by 111.
110
Calculate the remainder when 7210497 is divided by 721049.
7
What is the remainder when 2802245 is divided by 10?
5
Calculate the remainder when 8101635 is divided by 1021.
0
What is the remainder when 391207 is divided by 34?
3
Calculate the remainder when 3006129 is divided by 751531.
5
What is the remainder when 24702 is divided by 2045?
162
Calculate the remainder when 1259107 is divided by 8804.
135
What is the remainder when 671220811 is divided by 59?
54
What is the remainder when 242116 is d